{"id":105,"date":"2023-06-20T10:30:12","date_gmt":"2023-06-20T10:30:12","guid":{"rendered":"https:\/\/carniceriatoledano.com\/?page_id=105"},"modified":"2023-06-20T11:53:45","modified_gmt":"2023-06-20T11:53:45","slug":"sobre-nosotros","status":"publish","type":"page","link":"https:\/\/carniceriatoledano.com\/?page_id=105","title":{"rendered":"Sobre nosotros"},"content":{"rendered":"\t\t<div data-elementor-type=\"wp-page\" data-elementor-id=\"105\" class=\"elementor elementor-105\" data-elementor-post-type=\"page\">\n\t\t\t\t\t\t<section class=\"elementor-section elementor-top-section elementor-element elementor-element-4acfd42 elementor-section-full_width elementor-section-content-middle elementor-section-height-default elementor-section-height-default\" data-id=\"4acfd42\" data-element_type=\"section\" data-e-type=\"section\" data-settings=\"{&quot;jet_parallax_layout_list&quot;:[]}\">\n\t\t\t\t\t\t<div class=\"elementor-container elementor-column-gap-no\">\n\t\t\t\t\t<div class=\"elementor-column elementor-col-50 elementor-top-column elementor-element elementor-element-eab45a1\" data-id=\"eab45a1\" data-element_type=\"column\" data-e-type=\"column\">\n\t\t\t<div class=\"elementor-widget-wrap elementor-element-populated\">\n\t\t\t\t\t\t<section class=\"elementor-section elementor-inner-section elementor-element elementor-element-46c64c3 elementor-section-boxed elementor-section-height-default elementor-section-height-default\" data-id=\"46c64c3\" data-element_type=\"section\" data-e-type=\"section\" data-settings=\"{&quot;jet_parallax_layout_list&quot;:[]}\">\n\t\t\t\t\t\t<div class=\"elementor-container elementor-column-gap-default\">\n\t\t\t\t\t<div class=\"elementor-column elementor-col-100 elementor-inner-column elementor-element elementor-element-6d351f5\" data-id=\"6d351f5\" data-element_type=\"column\" data-e-type=\"column\">\n\t\t\t<div class=\"elementor-widget-wrap elementor-element-populated\">\n\t\t\t\t\t\t<div class=\"elementor-element elementor-element-ab83cab elementor-widget elementor-widget-heading\" data-id=\"ab83cab\" data-element_type=\"widget\" data-e-type=\"widget\" data-widget_type=\"heading.default\">\n\t\t\t\t<div class=\"elementor-widget-container\">\n\t\t\t\t\t<h1 class=\"elementor-heading-title elementor-size-default\">Sobre nosotros<\/h1>\t\t\t\t<\/div>\n\t\t\t\t<\/div>\n\t\t\t\t<div class=\"elementor-element elementor-element-c540b49 elementor-widget elementor-widget-text-editor\" data-id=\"c540b49\" data-element_type=\"widget\" data-e-type=\"widget\" data-widget_type=\"text-editor.default\">\n\t\t\t\t<div class=\"elementor-widget-container\">\n\t\t\t\t\t\t\t\t\t<p>Bienvenido a Carnicer\u00eda Toledano, un negocio familiar con una rica historia en el mundo de la carne. Desde 1914, hemos sido parte del mercado, llevando adelante la tradici\u00f3n de la carnicer\u00eda con pasi\u00f3n y dedicaci\u00f3n.<\/p><p>Nuestra historia se remonta a la \u00e9poca en que nuestro abuelo, junto a sus dos hermanos, comenzaron a trabajar como carniceros en el mercado local. Cada uno de ellos ten\u00eda su propio puesto, ofreciendo a los clientes una variedad de cortes y productos frescos. Su dedicaci\u00f3n y habilidades se ganaron el respeto y la lealtad de una creciente clientela.<\/p><p>Siguiendo los pasos de nuestro abuelo, nuestro padre se uni\u00f3 al negocio familiar y continu\u00f3 con su legado. Bajo su tutela, aprendimos los secretos del oficio, desarrollando una pasi\u00f3n por la carne y el compromiso de ofrecer a nuestros clientes la mejor experiencia de compra posible. Ahora, como la tercera generaci\u00f3n al mando de Carnicer\u00eda Toledano, es un honor llevar adelante la tradici\u00f3n familiar y compartir nuestra pasi\u00f3n por la carne con ustedes.<\/p>\t\t\t\t\t\t\t\t<\/div>\n\t\t\t\t<\/div>\n\t\t\t\t\t<\/div>\n\t\t<\/div>\n\t\t\t\t\t<\/div>\n\t\t<\/section>\n\t\t\t\t\t<\/div>\n\t\t<\/div>\n\t\t\t\t<div class=\"elementor-column elementor-col-50 elementor-top-column elementor-element elementor-element-fac4c72\" data-id=\"fac4c72\" data-element_type=\"column\" data-e-type=\"column\">\n\t\t\t<div class=\"elementor-widget-wrap elementor-element-populated\">\n\t\t\t\t\t\t<section class=\"elementor-section elementor-inner-section elementor-element elementor-element-78581be elementor-section-boxed elementor-section-height-default elementor-section-height-default\" data-id=\"78581be\" data-element_type=\"section\" data-e-type=\"section\" data-settings=\"{&quot;jet_parallax_layout_list&quot;:[],&quot;background_background&quot;:&quot;classic&quot;}\">\n\t\t\t\t\t\t<div class=\"elementor-container elementor-column-gap-default\">\n\t\t\t\t\t<div class=\"elementor-column elementor-col-100 elementor-inner-column elementor-element elementor-element-6eaff71\" data-id=\"6eaff71\" data-element_type=\"column\" data-e-type=\"column\">\n\t\t\t<div class=\"elementor-widget-wrap elementor-element-populated\">\n\t\t\t\t\t\t<div class=\"elementor-element elementor-element-7485266 elementor-widget elementor-widget-image\" data-id=\"7485266\" data-element_type=\"widget\" data-e-type=\"widget\" data-widget_type=\"image.default\">\n\t\t\t\t<div class=\"elementor-widget-container\">\n\t\t\t\t\t\t\t\t\t\t\t\t\t\t\t<img fetchpriority=\"high\" decoding=\"async\" width=\"700\" height=\"500\" src=\"https:\/\/carniceriatoledano.com\/wp-content\/uploads\/1.png\" class=\"attachment-large size-large wp-image-107\" alt=\"\" srcset=\"https:\/\/carniceriatoledano.com\/wp-content\/uploads\/1.png 700w, https:\/\/carniceriatoledano.com\/wp-content\/uploads\/1-600x429.png 600w, https:\/\/carniceriatoledano.com\/wp-content\/uploads\/1-64x46.png 64w, https:\/\/carniceriatoledano.com\/wp-content\/uploads\/1-300x214.png 300w\" sizes=\"(max-width: 700px) 100vw, 700px\" \/>\t\t\t\t\t\t\t\t\t\t\t\t\t\t\t<\/div>\n\t\t\t\t<\/div>\n\t\t\t\t\t<\/div>\n\t\t<\/div>\n\t\t\t\t\t<\/div>\n\t\t<\/section>\n\t\t\t\t\t<\/div>\n\t\t<\/div>\n\t\t\t\t\t<\/div>\n\t\t<\/section>\n\t\t\t\t<section class=\"elementor-section elementor-top-section elementor-element elementor-element-5257237 elementor-section-full_width elementor-section-content-middle elementor-section-height-default elementor-section-height-default\" data-id=\"5257237\" data-element_type=\"section\" data-e-type=\"section\" data-settings=\"{&quot;jet_parallax_layout_list&quot;:[]}\">\n\t\t\t\t\t\t<div class=\"elementor-container elementor-column-gap-no\">\n\t\t\t\t\t<div class=\"elementor-column elementor-col-50 elementor-top-column elementor-element elementor-element-ca2d27b\" data-id=\"ca2d27b\" data-element_type=\"column\" data-e-type=\"column\">\n\t\t\t<div class=\"elementor-widget-wrap elementor-element-populated\">\n\t\t\t\t\t\t<section class=\"elementor-section elementor-inner-section elementor-element elementor-element-5f024b9 elementor-section-height-min-height elementor-section-boxed elementor-section-height-default\" data-id=\"5f024b9\" data-element_type=\"section\" data-e-type=\"section\" data-settings=\"{&quot;jet_parallax_layout_list&quot;:[],&quot;background_background&quot;:&quot;classic&quot;}\">\n\t\t\t\t\t\t<div class=\"elementor-container elementor-column-gap-default\">\n\t\t\t\t\t<div class=\"elementor-column elementor-col-100 elementor-inner-column elementor-element elementor-element-9585ea0\" data-id=\"9585ea0\" data-element_type=\"column\" data-e-type=\"column\">\n\t\t\t<div class=\"elementor-widget-wrap\">\n\t\t\t\t\t\t\t<\/div>\n\t\t<\/div>\n\t\t\t\t\t<\/div>\n\t\t<\/section>\n\t\t\t\t\t<\/div>\n\t\t<\/div>\n\t\t\t\t<div class=\"elementor-column elementor-col-50 elementor-top-column elementor-element elementor-element-690cc20\" data-id=\"690cc20\" data-element_type=\"column\" data-e-type=\"column\">\n\t\t\t<div class=\"elementor-widget-wrap elementor-element-populated\">\n\t\t\t\t\t\t<section class=\"elementor-section elementor-inner-section elementor-element elementor-element-fbbd438 elementor-section-boxed elementor-section-height-default elementor-section-height-default\" data-id=\"fbbd438\" data-element_type=\"section\" data-e-type=\"section\" data-settings=\"{&quot;jet_parallax_layout_list&quot;:[]}\">\n\t\t\t\t\t\t<div class=\"elementor-container elementor-column-gap-default\">\n\t\t\t\t\t<div class=\"elementor-column elementor-col-100 elementor-inner-column elementor-element elementor-element-c3ca36a\" data-id=\"c3ca36a\" data-element_type=\"column\" data-e-type=\"column\">\n\t\t\t<div class=\"elementor-widget-wrap elementor-element-populated\">\n\t\t\t\t\t\t<div class=\"elementor-element elementor-element-589a83a elementor-widget elementor-widget-text-editor\" data-id=\"589a83a\" data-element_type=\"widget\" data-e-type=\"widget\" data-widget_type=\"text-editor.default\">\n\t\t\t\t<div class=\"elementor-widget-container\">\n\t\t\t\t\t\t\t\t\t<div class=\"message-2CShn3 cozyMessage-1DWF9U wrapper-30-Nkg cozy-VmLDNB zalgo-26OfGz\" tabindex=\"-1\" role=\"article\" data-list-item-id=\"chat-messages___chat-messages-1077168613238259763-1120668599439331428\" aria-setsize=\"-1\" aria-roledescription=\"Mensaje\" aria-labelledby=\"message-username-1120668524969472070 uid_1 message-content-1120668599439331428 uid_2 message-timestamp-1120668599439331428\"><div class=\"contents-2MsGLg\"><div id=\"message-content-1120668599439331428\" class=\"markup-eYLPri messageContent-2t3eCI\">Nuestra conexi\u00f3n con el mundo ganadero es profunda y arraigada. Desde el inicio, nuestra familia ha estado involucrada en la cr\u00eda de ganado, y esta tradici\u00f3n se ha mantenido viva hasta el d\u00eda de hoy. Nuestro bisabuelo fue ganadero, y su legado se ha transmitido a trav\u00e9s de las generaciones. Esta relaci\u00f3n directa con la fuente de la carne nos permite garantizar la frescura, calidad y trazabilidad de cada producto que ofrecemos.<\/div><\/div><\/div><div class=\"message-2CShn3 cozyMessage-1DWF9U wrapper-30-Nkg cozy-VmLDNB zalgo-26OfGz\" tabindex=\"-1\" role=\"article\" data-list-item-id=\"chat-messages___chat-messages-1077168613238259763-1120668608167673907\" aria-setsize=\"-1\" aria-roledescription=\"Mensaje\" aria-labelledby=\"message-username-1120668524969472070 uid_1 message-content-1120668608167673907 uid_2 message-timestamp-1120668608167673907\"><div class=\"contents-2MsGLg\"><p>\u00a0<\/p><div id=\"message-content-1120668608167673907\" class=\"markup-eYLPri messageContent-2t3eCI\">En Carnicer\u00eda Toledano, estamos comprometidos con la excelencia en cada etapa del proceso. Nos abastecemos de animales criados de manera responsable, alimentados con los mejores pastos y cereales. Nuestros expertos carniceros se encargan de seleccionar cuidadosamente los cortes, garantizando la frescura y el sabor excepcionales que nos caracterizan. Adem\u00e1s, trabajamos en estrecha colaboraci\u00f3n con proveedores locales que comparten nuestros valores de calidad y sostenibilidad.<\/div><\/div><\/div>\t\t\t\t\t\t\t\t<\/div>\n\t\t\t\t<\/div>\n\t\t\t\t\t<\/div>\n\t\t<\/div>\n\t\t\t\t\t<\/div>\n\t\t<\/section>\n\t\t\t\t\t<\/div>\n\t\t<\/div>\n\t\t\t\t\t<\/div>\n\t\t<\/section>\n\t\t\t\t<section class=\"elementor-section elementor-top-section elementor-element elementor-element-ccbc678 elementor-section-height-min-height elementor-section-boxed elementor-section-height-default elementor-section-items-middle\" data-id=\"ccbc678\" data-element_type=\"section\" data-e-type=\"section\" data-settings=\"{&quot;jet_parallax_layout_list&quot;:[],&quot;background_background&quot;:&quot;gradient&quot;}\">\n\t\t\t\t\t\t<div class=\"elementor-container elementor-column-gap-no\">\n\t\t\t\t\t<div class=\"elementor-column elementor-col-100 elementor-top-column elementor-element elementor-element-b7ba6f1\" data-id=\"b7ba6f1\" data-element_type=\"column\" data-e-type=\"column\">\n\t\t\t<div class=\"elementor-widget-wrap elementor-element-populated\">\n\t\t\t\t\t\t<div class=\"elementor-element elementor-element-114848d elementor-widget elementor-widget-heading\" data-id=\"114848d\" data-element_type=\"widget\" data-e-type=\"widget\" data-widget_type=\"heading.default\">\n\t\t\t\t<div class=\"elementor-widget-container\">\n\t\t\t\t\t<h3 class=\"elementor-heading-title elementor-size-default\">En Carnicer\u00eda Toledano, honramos la tradici\u00f3n familiar y el amor por la carne en cada bocado. \u00a1Gracias por elegirnos!<\/h3>\t\t\t\t<\/div>\n\t\t\t\t<\/div>\n\t\t\t\t\t<\/div>\n\t\t<\/div>\n\t\t\t\t\t<\/div>\n\t\t<\/section>\n\t\t\t\t<\/div>\n\t\t","protected":false},"excerpt":{"rendered":"<p>Sobre nosotros Bienvenido a Carnicer\u00eda Toledano, un negocio familiar con una rica historia en el mundo de la carne. Desde 1914, hemos sido parte del mercado, llevando adelante la tradici\u00f3n de la carnicer\u00eda con pasi\u00f3n y dedicaci\u00f3n. Nuestra historia se remonta a la \u00e9poca en que nuestro abuelo, junto a sus dos hermanos, comenzaron a [&hellip;]<\/p>\n","protected":false},"author":2,"featured_media":0,"parent":0,"menu_order":0,"comment_status":"closed","ping_status":"closed","template":"","meta":{"site-sidebar-layout":"no-sidebar","site-content-layout":"page-builder","ast-site-content-layout":"default","site-content-style":"default","site-sidebar-style":"default","ast-global-header-display":"","ast-banner-title-visibility":"","ast-main-header-display":"","ast-hfb-above-header-display":"","ast-hfb-below-header-display":"","ast-hfb-mobile-header-display":"","site-post-title":"disabled","ast-breadcrumbs-content":"","ast-featured-img":"disabled","footer-sml-layout":"","ast-disable-related-posts":"","theme-transparent-header-meta":"default","adv-header-id-meta":"","stick-header-meta":"","header-above-stick-meta":"","header-main-stick-meta":"","header-below-stick-meta":"","astra-migrate-meta-layouts":"default","ast-page-background-enabled":"default","ast-page-background-meta":{"desktop":{"background-color":"var(--ast-global-color-4)","background-image":"","background-repeat":"repeat","background-position":"center center","background-size":"auto","background-attachment":"scroll","background-type":"","background-media":"","overlay-type":"","overlay-color":"","overlay-opacity":"","overlay-gradient":""},"tablet":{"background-color":"","background-image":"","background-repeat":"repeat","background-position":"center center","background-size":"auto","background-attachment":"scroll","background-type":"","background-media":"","overlay-type":"","overlay-color":"","overlay-opacity":"","overlay-gradient":""},"mobile":{"background-color":"","background-image":"","background-repeat":"repeat","background-position":"center center","background-size":"auto","background-attachment":"scroll","background-type":"","background-media":"","overlay-type":"","overlay-color":"","overlay-opacity":"","overlay-gradient":""}},"ast-content-background-meta":{"desktop":{"background-color":"var(--ast-global-color-5)","background-image":"","background-repeat":"repeat","background-position":"center center","background-size":"auto","background-attachment":"scroll","background-type":"","background-media":"","overlay-type":"","overlay-color":"","overlay-opacity":"","overlay-gradient":""},"tablet":{"background-color":"var(--ast-global-color-5)","background-image":"","background-repeat":"repeat","background-position":"center center","background-size":"auto","background-attachment":"scroll","background-type":"","background-media":"","overlay-type":"","overlay-color":"","overlay-opacity":"","overlay-gradient":""},"mobile":{"background-color":"var(--ast-global-color-5)","background-image":"","background-repeat":"repeat","background-position":"center center","background-size":"auto","background-attachment":"scroll","background-type":"","background-media":"","overlay-type":"","overlay-color":"","overlay-opacity":"","overlay-gradient":""}},"footnotes":""},"class_list":["post-105","page","type-page","status-publish","hentry"],"_links":{"self":[{"href":"https:\/\/carniceriatoledano.com\/index.php?rest_route=\/wp\/v2\/pages\/105","targetHints":{"allow":["GET"]}}],"collection":[{"href":"https:\/\/carniceriatoledano.com\/index.php?rest_route=\/wp\/v2\/pages"}],"about":[{"href":"https:\/\/carniceriatoledano.com\/index.php?rest_route=\/wp\/v2\/types\/page"}],"author":[{"embeddable":true,"href":"https:\/\/carniceriatoledano.com\/index.php?rest_route=\/wp\/v2\/users\/2"}],"replies":[{"embeddable":true,"href":"https:\/\/carniceriatoledano.com\/index.php?rest_route=%2Fwp%2Fv2%2Fcomments&post=105"}],"version-history":[{"count":10,"href":"https:\/\/carniceriatoledano.com\/index.php?rest_route=\/wp\/v2\/pages\/105\/revisions"}],"predecessor-version":[{"id":118,"href":"https:\/\/carniceriatoledano.com\/index.php?rest_route=\/wp\/v2\/pages\/105\/revisions\/118"}],"wp:attachment":[{"href":"https:\/\/carniceriatoledano.com\/index.php?rest_route=%2Fwp%2Fv2%2Fmedia&parent=105"}],"curies":[{"name":"wp","href":"https:\/\/api.w.org\/{rel}","templated":true}]}}